.
71b
What is 28a95 (base 11) in base 8?
120434
Convert bda5 (base 15) to base 4.
21310031
1110111000100 (base 2) to base 7
31134
What is -213020 (base 4) in base 6?
-15332
What is 2100201 (base 3) in base 9?
2321
Convert -110001010 (base 2) to base 8.
-612
What is 40140 (base 5) in base 2?
100111110001
-1021 (base 4) to base 15
-4d
What is 5076 (base 9) in base 16?
e82
Convert -8869 (base 14) to base 15.
-6ee3
Convert -23201320 (base 4) to base 6.
-1002344
Convert 1000 (base 6) to base 9.
260
What is -416 (base 8) in base 9?
-330
Convert 84 (base 9) to base 3.
2211
What is -20002 (base 3) in base 16?
-a4
1110001111 (base 2) to base 3
1020202
Convert 1bc (base 14) to base 4.
11222
What is 790 (base 12) in base 15?
4e6
What is 557 (base 9) in base 10?
457
Convert 11022 (base 7) to base 14.
1012
-122111101 (base 3) to base 7
-52120
-6137 (base 10) to base 5
-144022
Convert 26964 (base 11) to base 4.
21120123
-12010121 (base 3) to base 15
-1197
-12423 (base 6) to base 14
-98b
Convert 101111010001 (base 2) to base 13.
14b9
7673 (base 8) to base 4
332323
23220200 (base 4) to base 11
32887
15cb (base 13) to base 9
4355
What is -1120110 (base 3) in base 11?
-952
Convert 1030 (base 4) to base 2.
1001100
Convert -a19 (base 14) to base 3.
-2201110
What is -7bd (base 16) in base 12?
-1191
What is -11203 (base 4) in base 16?
-163
Convert -3112 (base 6) to base 12.
-498
What is -10011100 (base 3) in base 5?
-33204
-112110 (base 3) to base 4
-12012
Convert 10389 (base 11) to base 15.
471b
-4353 (base 9) to base 10
-3207
863 (base 16) to base 13
c92
204 (base 7) to base 5
402
What is -12536 (base 9) in base 13?
-3b07
What is 247 (base 8) in base 9?
205
-26167 (base 8) to base 15
-358d
Convert 100065 (base 7) to base 15.
4ed9
What is -25210 (base 6) in base 16?
-ea6
-44e (base 15) to base 6
-4302
What is 1572 (base 14) in base 15?
11ee
What is -122523 (base 7) in base 11?
-15a47
Convert -10010011110011 (base 2) to base 10.
-9459
What is 474 (base 10) in base 6?
2110
540 (base 7) to base 13
180
-1560 (base 8) to base 3
-1012121
What is 35ba (base 12) in base 14?
22bc
Convert -34324 (base 6) to base 8.
-11414
1332113 (base 6) to base 14
1d149
What is -22c (base 13) in base 8?
-570
-3025 (base 9) to base 15
-9c5
1030202 (base 4) to base 15
16b8
180 (base 9) to base 2
10011001
What is -100244 (base 6) in base 15?
-2501
What is -121632 (base 7) in base 4?
-11123331
340103 (base 5) to base 3
121022212
Convert -13223 (base 4) to base 11.
-407
What is 536 (base 8) in base 9?
428
-3300 (base 10) to base 6
-23140
Convert 253315 (base 6) to base 2.
101100100001111
What is 12432 (base 7) in base 16?
cea
Convert 121110120 (base 3) to base 4.
2323203
Convert -43112 (base 6) to base 7.
-23063
What is -275 (base 13) in base 6?
-2002
Convert 1338 (base 16) to base 4.
1030320
What is -7577 (base 14) in base 2?
-100111101000101
What is -cc0 (base 16) in base 11?
-24a8
Convert -266 (base 14) to base 13.
-2b1
-3673 (base 15) to base 3
-120220000
2121 (base 4) to base 13
ba
5950 (base 14) to base 16
3cc2
What is -23200 (base 4) in base 6?
-3224
Convert 42b (base 13) to base 10.
713
What is -133c (base 14) in base 7?
-12605
Convert -40c6 (base 13) to base 8.
-21366
Convert -25425 (base 6) to base 11.
-2975
Convert -11313 (base 4) to base 10.
-375
What is 18e (base 16) in base 13?
248
-2797 (base 13) to base 3
-21211011
What is 447 (base 11) in base 13?
322
-224040 (base 5) to base 4
-1331110
Convert -5143 (base 6) to base 4.
-101313
-7aa (base 14) to base 5
-22042
Convert -22201301 (base 4) to base 11.
-2a441
41276 (base 9) to base 12
138b0
111010011 (base 2) to base 10
467
What is -13100102 (base 4) in base 5?
-1422324
-494 (base 14) to base 2
-1110010010
What is -164 (base 13) in base 5?
-2001
102201200 (base 3) to base 13
3b79
What is 4121 (base 8) in base 5?
32004
-181a (base 11) to base 5
-33240
What is 585 (base 14) in base 11?
908
-430343 (base 6) to base 10
-35127
-332101 (base 5) to base 9
-16726
112200012 (base 3) to base 2
10100111001001
What is -554351 (base 6) in base 13?
-18145
What is 1100100001 (base 2) in base 12?
569
What is -1133113 (base 4) in base 9?
-8331
Convert 1340 (base 9) to base 8.
1760
What is -11212 (base 3) in base 14?
-95
What is -bdd (base 16) in base 13?
-14c8
What is 27664 (base 9) in base 12?
aa41
Convert -73 (base 10) to base 15.
-4d
Convert -8b2 (base 12) to base 5.
-20121
-524 (base 8) to base 15
-17a
Convert 62688 (base 9) to base 11.
29108
a15 (base 15) to base 11
1784
12001200 (base 3) to base 7
13521
Convert 103245 (base 6) to base 10.
8525
-1663 (base 8) to base 5
-12242
Convert a98 (base 13) to base 15.
810
-2636 (base 7) to base 9
-1338
15e0 (base 16) to base 14
2080
What is -202200 (base 5) in base 15?
-1e1a
What is 4030 (base 10) in base 8?
7676
-1101123 (base 5) to base 13
-87bb
What is -11111000111 (base 2) in base 9?
-2652
Convert 143440 (base 6) to base 15.
4136
What is -11001100000 (base 2) in base 10?
-1632
What is 6b1 (base 16) in base 10?
1713
What is -10824 (base 11) in base 5?
-1000020
What is -3c28 (base 14) in base 12?
-6190
What is 17b7 (base 14) in base 10?
4277
Convert -a02 (base 11) to base 12.
-850
-4b1 (base 16) to base 8
-2261
What is 21425 (base 7) in base 9?
7315
What is 27e (base 16) in base 13?
3a1
What is 1111100100000 (base 2) in base 6?
100520
68d6 (base 16) to base 10
26838
16084 (base 11) to base 2
101100010111111
What is 613c (base 13) in base 5?
412102
-1875 (base 11) to base 10
-2381
6b32 (base 13) to base 5
440312
-3382 (base 14) to base 3
-110020220
What is 2929 (base 15) in base 6?
104450
What is 309 (base 12) in base 7?
1200
What is 24a (base 16) in base 5?
4321
What is 220220101 (base 3) in base 13?
8356
Convert -20111 (base 3) to base 10.
-175
Convert 3651 (base 8) to base 3.
2200122
What is aa (base 14) in base 13?
b7
What is 39504 (base 11) in base 9?
85460
Convert -3640 (base 7) to base 13.
-7cc
Convert 10158 (base 10) to base 11.
76a5
What is -7047 (base 16) in base 4?
-13001013
-252 (base 13) to base 12
-299
-103301 (base 4) to base 5
-20030
What is 1cb4 (base 15) in base 14?
23c0
Convert -1022 (base 8) to base 7.
-1355
What is 14d2 (base 14) in base 5?
104322
Convert 37271 (base 9) to base 4.
12012310
Convert -2301101 (base 4) to base 5.
-330340
What is -10350 (base 9) in base 11?
-5167
-75a7 (base 14) to base 11
-14307
33c (base 15) to base 4
23130
-369 (base 11) to base 8
-666
22ab (base 14) to base 7
23404
Convert -97bb (base 13) to base 4.
-11021312
-1021 (base 8) to base 11
-441
Convert -1122020 (base 3) to base 2.
-10010101010
Convert 435 (base 9) to base 3.
111012
Convert 3051 (base 7) to base 9.
1413
What is -42093 (base 10) in base 7?
-233502
300234 (base 5) to base 9
13853
Convert -584 (base 9) to base 5.
-3411
-1000 (base 5) to base 15
-85
228 (base 15) to base 8
750
63 (base 11) to base 10
69
Convert -7441 (base 10) to base 13.
-3505
-10514 (base 9) to base 13
-323b
-18e9a (base 15) to base 16
-13c18
What is -112201 (base 3) in base 6?
-1501
554 (base 16) to base 6
10152
What is 1f9e (base 16) in base 5?
224334
Convert -10617 (base 9) to base 7.
-26410
Convert 51b8 (base 14) to base 10.
14078
What is 1420342 (base 5) in base 8?
71440
Convert -b8d (base 14) to base 6.
-14321
1846 (base 12) to base 14
10d8
4502 (base 7) to base 12
b2b
What is -1304 (base 9) in base 12?
-694
Convert 170a9 (base 11) to base 5.
1232302
-110100011 (base 2) to base 10
-419
-63525 (base 9) to base 2
-1010001111111101
-2331 (base 9) to base 6
-12001
Convert -4a33 (base 12) to base 11.
-6339
Convert -140524 (base 7) to base 10.
-26674
What is 1027 (base 12) in base 3?
2102011
What is -623 (base 13) in base 8?
-2023
Convert -300003 (base 4) to base 16.
-c03
abe7 (base 15) to base 9
54881
20444 (base 6) to base 4
223030
Convert 2110331 (base 4) to base 13.
4454
1371 (base 16) to base 6
35013
Convert -13012 (base 6) to base 2.
-11110100000
Convert -29a7 (base 13) to base 8.
-13644
-20110322 (base 4) to base 13
-126a7
Convert -4524 (base 11) to base 9.
-8146
What is 166223 (base 7) in base 16?
826a
What is 7303 (base 10) in base 8?
16207
22 (base 10) to base 13
19
What is -134b (base 14) in base 9?
-4586
-11012 (base 6) to base 3
-2002022
What is -db (base 16) in base 3?
-22010
What is 53 (base 10) in base